housands digit of 5618255?
8
What is the hundreds digit of 16779076?
0
What is the hundreds digit of 177698?
6
What is the millions digit of 5942824?
5
What is the hundreds digit of 9110069?
0
What is the hundred thousands digit of 3784849?
7
What is the thousands digit of 142319?
2
What is the hundred thousands digit of 2448425?
4
What is the millions digit of 4755123?
4
What is the thousands digit of 3385349?
5
What is the hundred thousands digit of 244946?
2
What is the hundred thousands digit of 1462070?
4
What is the tens digit of 195456?
5
What is the hundred thousands digit of 1114174?
1
What is the ten thousands digit of 4276772?
7
What is the thousands digit of 755275?
5
What is the ten thousands digit of 6567659?
6
What is the hundred thousands digit of 17421312?
4
What is the hundred thousands digit of 196142?
1
What is the millions digit of 31423426?
1
What is the millions digit of 8938035?
8
What is the thousands digit of 10612327?
2
What is the thousands digit of 13547967?
7
What is the hundred thousands digit of 5122935?
1
What is the units digit of 66357?
7
What is the hundreds digit of 5103223?
2
What is the hundred thousands digit of 2978094?
9
What is the ten thousands digit of 256150?
5
What is the ten thousands digit of 42660?
4
What is the ten thousands digit of 21619582?
1
What is the ten thousands digit of 3402838?
0
What is the hundreds digit of 761555?
5
What is the hundreds digit of 8640222?
2
What is the millions digit of 10144222?
0
What is the ten thousands digit of 154650?
5
What is the hundred thousands digit of 482577?
4
What is the tens digit of 83247?
4
What is the thousands digit of 866932?
6
What is the ten thousands digit of 496714?
9
What is the tens digit of 10168608?
0
What is the tens digit of 13319955?
5
What is the ten thousands digit of 16465515?
6
What is the ten thousands digit of 94850?
9
What is the thousands digit of 50812?
0
What is the hundred thousands digit of 360096?
3
What is the ten thousands digit of 6807871?
0
What is the tens digit of 89085?
8
What is the hundred thousands digit of 607737?
6
What is the hundreds digit of 618548?
5
What is the thousands digit of 266483?
6
What is the units digit of 6726319?
9
What is the hundreds digit of 3610008?
0
What is the units digit of 9208355?
5
What is the ten thousands digit of 40253231?
5
What is the millions digit of 2344454?
2
What is the tens digit of 731249?
4
What is the hundreds digit of 292043?
0
What is the ten thousands digit of 791225?
9
What is the hundreds digit of 470396?
3
What is the thousands digit of 325334?
5
What is the hundreds digit of 25438539?
5
What is the units digit of 378482?
2
What is the hundreds digit of 6483566?
5
What is the hundred thousands digit of 952493?
9
What is the units digit of 4810190?
0
What is the thousands digit of 352696?
2
What is the thousands digit of 733605?
3
What is the units digit of 59631?
1
What is the tens digit of 14927400?
0
What is the tens digit of 3789941?
4
What is the ten thousands digit of 7676850?
7
What is the tens digit of 1564078?
7
What is the thousands digit of 9296598?
6
What is the tens digit of 4044?
4
What is the thousands digit of 8961638?
1
What is the units digit of 90685?
5
What is the thousands digit of 3006896?
6
What is the tens digit of 389061?
6
What is the tens digit of 11650904?
0
What is the hundreds digit of 1909272?
2
What is the tens digit of 25741258?
5
What is the ten thousands digit of 184391?
8
What is the thousands digit of 1042248?
2
What is the millions digit of 8959659?
8
What is the units digit of 2907403?
3
What is the hundreds digit of 244297?
2
What is the units digit of 9831648?
8
What is the hundreds digit of 356620?
6
What is the ten thousands digit of 67359?
6
What is the thousands digit of 11007656?
7
What is the ten thousands digit of 11390219?
9
What is the thousands digit of 2809346?
9
What is the hundreds digit of 5472929?
9
What is the ten thousands digit of 246342?
4
What is the ten thousands digit of 244562?
4
What is the hundreds digit of 748662?
6
What is the millions digit of 1971686?
1
What is the ten thousands digit of 214875?
1
What is the tens digit of 754394?
9
What is the hundreds digit of 11650063?
0
What is the millions digit of 40944255?
0
What is the units digit of 29633457?
7
What is the hundred thousands digit of 8907259?
9
What is the ten thousands digit of 187054?
8
What is the thousands digit of 5794386?
4
What is the ten thousands digit of 1267104?
6
What is the hundreds digit of 1419407?
4
What is the units digit of 429714?
4
What is the hundreds digit of 123831?
8
What is the ten thousands digit of 349924?
4
What is the hundred thousands digit of 487874?
4
What is the hundreds digit of 680400?
4
What is the thousands digit of 402162?
2
What is the millions digit of 1131639?
1
What is the units digit of 1373946?
6
What is the thousands digit of 4509676?
9
What is the hundred thousands digit of 878048?
8
What is the hundred thousands digit of 6048395?
0
What is the millions digit of 1096162?
1
What is the thousands digit of 25640268?
0
What is the tens digit of 17055964?
6
What is the tens digit of 168177?
7
What is the hundreds digit of 904263?
2
What is the thousands digit of 4054656?
4
What is the hundred thousands digit of 7392636?
3
What is the ten millions digit of 15801183?
1
What is the tens digit of 858736?
3
What is the hundred thousands digit of 4579284?
5
What is the hundred thousands digit of 474442?
4
What is the units digit of 4782750?
0
What is the hundreds digit of 5085673?
6
What is the hundreds digit of 1173579?
5
What is the thousands digit of 792332?
2
What is the hundreds digit of 186687?
6
What is the hundred thousands digit of 490205?
4
What is the tens digit of 252559?
5
What is the ten thousands digit of 616107?
1
What is the hundreds digit of 19869693?
6
What is the hundreds digit of 140435?
4
What is the units digit of 7679168?
8
What is the hundred thousands digit of 1301196?
3
What is the ten thousands digit of 325633?
2
What is the ten thousands digit of 132418?
3
What is the thousands digit of 191792?
1
What is the tens digit of 1683253?
5
What is the hundreds digit of 4124150?
1
What is the thousands digit of 13855999?
5
What is the ten thousands digit of 323821?
2
What is the ten thousands digit of 8015531?
1
What is the tens digit of 429186?
8
What is the tens digit of 86815?
1
What is the units digit of 22630669?
9
What is the ten thousands digit of 6248129?
4
What is the thousands digit of 174149?
4
What is the ten millions digit of 34543123?
3
What is the hundreds digit of 166422?
4
What is the units digit of 9151911?
1
What is the thousands digit of 11802351?
2
What is the ten thousands digit of 149036?
4
What is the hundred thousands digit of 1305372?
3
What is the hundred thousands digit of 1869127?
8
What is the ten thousands digit of 2523545?
2
What is the tens digit of 15623308?
0
What is the units digit of 623690?
0
What is the hundreds digit of 80038?
0
What is the hundreds digit of 395619?
6
What is the thousands digit of 7010158?
0
What is the hundreds digit of 655808?
8
What is the hundreds digit of 23212143?
1
What is the units digit of 35431?
1
What is the ten thousands digit of 5097929?
9
What is the millions digit of 4045799?
4
What is the hundreds digit of 801535?
5
What is the hundred thousands digit of 485664?
4
What is the ten millions digit of 10256393?
1
What is the hundreds digit of 26219?
2
What is the hundreds digit of 4541496?
4
What is the millions digit of 1282596?
1
What is the thousands digit of 301328?
1
What is the ten thousands digit of 3715787?
1
What is the units digit of 805178?
8
What is the tens digit of 8998465?
6
What is the hundreds digit of 584518?
5
What is the ten thousands digit of 73145?
7
What is the ten thousands digit of 24859079?
5
What is the tens digit of 162872?
7
What is the hundred thousands digit of 4731633?
7
What is the units digit of 60849?
9
What is the ten thousands digit of 11693999?
9
What is the ten thousands digit of 999712?
9
What is the hundreds digit of 7661519?
5
What is the millions digit of 25489803?
5
What is the units digit of 4132614?
4
What is the tens digit of 1083285?
8
What is the units digit 